{"id":7,"date":"2018-06-12T23:39:29","date_gmt":"2018-06-12T21:39:29","guid":{"rendered":"http:\/\/facade-des-collines.fr\/?page_id=7"},"modified":"2019-02-07T22:39:12","modified_gmt":"2019-02-07T21:39:12","slug":"accueil","status":"publish","type":"page","link":"https:\/\/facade-des-collines.fr\/","title":{"rendered":"Accueil"},"content":{"rendered":"\t\t<div data-elementor-type=\"wp-post\" data-elementor-id=\"7\" class=\"elementor elementor-7 elementor-bc-flex-widget\">\n\t\t\t\t\t\t\t\t\t<section class=\"elementor-section elementor-top-section elementor-element elementor-element-e75f742 elementor-section-boxed elementor-section-height-default elementor-section-height-default\" data-id=\"e75f742\" data-element_type=\"section\">\n\t\t\t\t\t\t<div class=\"elementor-container elementor-column-gap-default\">\n\t\t\t\t\t<div class=\"elementor-column elementor-col-100 elementor-top-column elementor-element elementor-element-2b722b1\" data-id=\"2b722b1\" data-element_type=\"column\">\n\t\t\t<div class=\"elementor-widget-wrap elementor-element-populated\">\n\t\t\t\t\t\t\t\t<div class=\"elementor-element elementor-element-451cdc0 elementor-arrows-position-inside elementor-pagination-position-outside elementor-widget elementor-widget-image-carousel\" data-id=\"451cdc0\" data-element_type=\"widget\" data-settings=\"{&quot;slides_to_show&quot;:&quot;1&quot;,&quot;navigation&quot;:&quot;both&quot;,&quot;autoplay&quot;:&quot;yes&quot;,&quot;pause_on_hover&quot;:&quot;yes&quot;,&quot;pause_on_interaction&quot;:&quot;yes&quot;,&quot;autoplay_speed&quot;:5000,&quot;infinite&quot;:&quot;yes&quot;,&quot;effect&quot;:&quot;slide&quot;,&quot;speed&quot;:500}\" data-widget_type=\"image-carousel.default\">\n\t\t\t\t<div class=\"elementor-widget-container\">\n\t\t\t\t\t<div class=\"elementor-image-carousel-wrapper swiper-container\" dir=\"ltr\">\n\t\t\t<div class=\"elementor-image-carousel swiper-wrapper\" aria-live=\"off\">\n\t\t\t\t\t\t\t\t<div class=\"swiper-slide\" role=\"group\" aria-roledescription=\"slide\" aria-label=\"1 sur 4\"><figure class=\"swiper-slide-inner\"><img decoding=\"async\" class=\"swiper-slide-image\" src=\"https:\/\/facade-des-collines.fr\/wp-content\/uploads\/2018\/09\/Ravalement10_20180616_123627-768x374.jpg\" alt=\"Ravalement10_20180616_123627\" \/><\/figure><\/div><div class=\"swiper-slide\" role=\"group\" aria-roledescription=\"slide\" aria-label=\"2 sur 4\"><figure class=\"swiper-slide-inner\"><img decoding=\"async\" class=\"swiper-slide-image\" src=\"https:\/\/facade-des-collines.fr\/wp-content\/uploads\/2018\/09\/Ravalement11_20180606_161459-768x374.jpg\" alt=\"Ravalement11_20180606_161459\" \/><\/figure><\/div><div class=\"swiper-slide\" role=\"group\" aria-roledescription=\"slide\" aria-label=\"3 sur 4\"><figure class=\"swiper-slide-inner\"><img decoding=\"async\" class=\"swiper-slide-image\" src=\"https:\/\/facade-des-collines.fr\/wp-content\/uploads\/2018\/09\/Ravalement11_20180607_163900-768x374.jpg\" alt=\"Ravalement11_20180607_163900\" \/><\/figure><\/div><div class=\"swiper-slide\" role=\"group\" aria-roledescription=\"slide\" aria-label=\"4 sur 4\"><figure class=\"swiper-slide-inner\"><img decoding=\"async\" class=\"swiper-slide-image\" src=\"https:\/\/facade-des-collines.fr\/wp-content\/uploads\/2018\/09\/Ravalement12_20180616_132938-768x374.jpg\" alt=\"Ravalement12_20180616_132938\" \/><\/figure><\/div>\t\t\t<\/div>\n\t\t\t\t\t\t\t\t\t\t\t\t<div class=\"elementor-swiper-button elementor-swiper-button-prev\" role=\"button\" tabindex=\"0\">\n\t\t\t\t\t\t<i aria-hidden=\"true\" class=\"eicon-chevron-left\"><\/i>\t\t\t\t\t<\/div>\n\t\t\t\t\t<div class=\"elementor-swiper-button elementor-swiper-button-next\" role=\"button\" tabindex=\"0\">\n\t\t\t\t\t\t<i aria-hidden=\"true\" class=\"eicon-chevron-right\"><\/i>\t\t\t\t\t<\/div>\n\t\t\t\t\n\t\t\t\t\t\t\t\t\t<div class=\"swiper-pagination\"><\/div>\n\t\t\t\t\t\t\t\t\t<\/div>\n\t\t\t\t<\/div>\n\t\t\t\t<\/div>\n\t\t\t\t\t<\/div>\n\t\t<\/div>\n\t\t\t\t\t\t\t<\/div>\n\t\t<\/section>\n\t\t\t\t<section class=\"elementor-section elementor-top-section elementor-element elementor-element-973855d elementor-section-boxed elementor-section-height-default elementor-section-height-default\" data-id=\"973855d\" data-element_type=\"section\">\n\t\t\t\t\t\t<div class=\"elementor-container elementor-column-gap-default\">\n\t\t\t\t\t<div class=\"elementor-column elementor-col-100 elementor-top-column elementor-element elementor-element-dde8e8d\" data-id=\"dde8e8d\" data-element_type=\"column\">\n\t\t\t<div class=\"elementor-widget-wrap elementor-element-populated\">\n\t\t\t\t\t\t\t\t<div class=\"elementor-element elementor-element-5906cb1 elementor-widget elementor-widget-heading\" data-id=\"5906cb1\" data-element_type=\"widget\" data-widget_type=\"heading.default\">\n\t\t\t\t<div class=\"elementor-widget-container\">\n\t\t\t<h2 class=\"elementor-heading-title elementor-size-default\">Votre maison, on la voit comme vous !<\/h2>\t\t<\/div>\n\t\t\t\t<\/div>\n\t\t\t\t<div class=\"elementor-element elementor-element-346f417 elementor-widget elementor-widget-text-editor\" data-id=\"346f417\" data-element_type=\"widget\" data-widget_type=\"text-editor.default\">\n\t\t\t\t<div class=\"elementor-widget-container\">\n\t\t\t\t\t\t\t<p style=\"text-align: left;\">Fa\u00e7ade des Collines s\u2019occupe de la fa\u00e7ade de vos b\u00e2timents depuis 2004. Plus de 10 ans d\u2019exp\u00e9rience et un taux de satisfaction unanime sont \u00e0 votre service.<\/p><p style=\"text-align: left;\">Notre expertise nous permet d\u2019agir sur tous les plans, que ce soit pour la\u00a0cr\u00e9ation de fa\u00e7ade pour une habitation neuve, le ravalement total sur une ancienne maison ou encore l\u2019isolation par l\u2019ext\u00e9rieur de vos habitations avec la possibilit\u00e9 de profiter de cr\u00e9dits d\u2019imp\u00f4ts. Nos \u00e9quipes sont l\u00e0 pour vous satisfaire et vous fournir une prestation sur-mesure qui vous correspond.<\/p><p style=\"text-align: left;\">Mais nos domaines de comp\u00e9tences ne s\u2019arr\u00eatent pas l\u00e0, nous proposons aussi le nettoyage des fa\u00e7ades et des toitures, la r\u00e9novation des murs en pierre (ainsi que la vente de pierres) et la restauration des murs en pis\u00e9.<\/p>\t\t\t\t\t\t<\/div>\n\t\t\t\t<\/div>\n\t\t\t\t\t<\/div>\n\t\t<\/div>\n\t\t\t\t\t\t\t<\/div>\n\t\t<\/section>\n\t\t\t\t<section class=\"elementor-section elementor-top-section elementor-element elementor-element-cf55093 elementor-section-full_width elementor-section-height-default elementor-section-height-default\" data-id=\"cf55093\" data-element_type=\"section\">\n\t\t\t\t\t\t<div class=\"elementor-container elementor-column-gap-default\">\n\t\t\t\t\t<div class=\"elementor-column elementor-col-100 elementor-top-column elementor-element elementor-element-96e782a\" data-id=\"96e782a\" data-element_type=\"column\">\n\t\t\t<div class=\"elementor-widget-wrap elementor-element-populated\">\n\t\t\t\t\t\t\t\t<div class=\"elementor-element elementor-element-720e69c elementor-widget-divider--view-line elementor-widget elementor-widget-divider\" data-id=\"720e69c\" data-element_type=\"widget\" data-widget_type=\"divider.default\">\n\t\t\t\t<div class=\"elementor-widget-container\">\n\t\t\t\t\t<div class=\"elementor-divider\">\n\t\t\t<span class=\"elementor-divider-separator\">\n\t\t\t\t\t\t<\/span>\n\t\t<\/div>\n\t\t\t\t<\/div>\n\t\t\t\t<\/div>\n\t\t\t\t<section class=\"elementor-section elementor-inner-section elementor-element elementor-element-e1c2d9b elementor-section-boxed elementor-section-height-default elementor-section-height-default\" data-id=\"e1c2d9b\" data-element_type=\"section\">\n\t\t\t\t\t\t<div class=\"elementor-container elementor-column-gap-default\">\n\t\t\t\t\t<div class=\"elementor-column elementor-col-33 elementor-inner-column elementor-element elementor-element-812d642\" data-id=\"812d642\" data-element_type=\"column\">\n\t\t\t<div class=\"elementor-widget-wrap elementor-element-populated\">\n\t\t\t\t\t\t\t\t<div class=\"elementor-element elementor-element-5bd43a8 elementor-widget elementor-widget-image\" data-id=\"5bd43a8\" data-element_type=\"widget\" data-widget_type=\"image.default\">\n\t\t\t\t<div class=\"elementor-widget-container\">\n\t\t\t\t\t\t\t\t\t\t\t\t<figure class=\"wp-caption\">\n\t\t\t\t\t\t\t\t\t\t\t<a href=\"http:\/\/facade-des-collines.fr\/index.php\/facade-neuve\/\">\n\t\t\t\t\t\t\t<img fetchpriority=\"high\" decoding=\"async\" width=\"840\" height=\"409\" src=\"https:\/\/facade-des-collines.fr\/wp-content\/uploads\/2018\/09\/Ravalement10_20180616_123627-1024x498.jpg\" class=\"elementor-animation-grow attachment-large size-large wp-image-314\" alt=\"\" srcset=\"https:\/\/facade-des-collines.fr\/wp-content\/uploads\/2018\/09\/Ravalement10_20180616_123627.jpg 1024w, https:\/\/facade-des-collines.fr\/wp-content\/uploads\/2018\/09\/Ravalement10_20180616_123627-300x146.jpg 300w, https:\/\/facade-des-collines.fr\/wp-content\/uploads\/2018\/09\/Ravalement10_20180616_123627-768x374.jpg 768w\" sizes=\"(max-width: 709px) 85vw, (max-width: 909px) 67vw, (max-width: 1362px) 62vw, 840px\" \/>\t\t\t\t\t\t\t\t<\/a>\n\t\t\t\t\t\t\t\t\t\t\t<figcaption class=\"widget-image-caption wp-caption-text\">Fa\u00e7ades neuves<\/figcaption>\n\t\t\t\t\t\t\t\t\t\t<\/figure>\n\t\t\t\t\t\t\t\t\t<\/div>\n\t\t\t\t<\/div>\n\t\t\t\t\t<\/div>\n\t\t<\/div>\n\t\t\t\t<div class=\"elementor-column elementor-col-33 elementor-inner-column elementor-element elementor-element-ac3bb42\" data-id=\"ac3bb42\" data-element_type=\"column\">\n\t\t\t<div class=\"elementor-widget-wrap elementor-element-populated\">\n\t\t\t\t\t\t\t\t<div class=\"elementor-element elementor-element-f5e4e19 elementor-widget elementor-widget-image\" data-id=\"f5e4e19\" data-element_type=\"widget\" data-widget_type=\"image.default\">\n\t\t\t\t<div class=\"elementor-widget-container\">\n\t\t\t\t\t\t\t\t\t\t\t\t<figure class=\"wp-caption\">\n\t\t\t\t\t\t\t\t\t\t\t<a href=\"http:\/\/facade-des-collines.fr\/index.php\/ravalement-de-facade\/\">\n\t\t\t\t\t\t\t<img decoding=\"async\" width=\"300\" height=\"146\" src=\"https:\/\/facade-des-collines.fr\/wp-content\/uploads\/2018\/09\/Ravalement11_20180524_100518-300x146.jpg\" class=\"elementor-animation-grow attachment-medium size-medium wp-image-317\" alt=\"\" srcset=\"https:\/\/facade-des-collines.fr\/wp-content\/uploads\/2018\/09\/Ravalement11_20180524_100518-300x146.jpg 300w, https:\/\/facade-des-collines.fr\/wp-content\/uploads\/2018\/09\/Ravalement11_20180524_100518-768x374.jpg 768w, https:\/\/facade-des-collines.fr\/wp-content\/uploads\/2018\/09\/Ravalement11_20180524_100518.jpg 1024w\" sizes=\"(max-width: 300px) 85vw, 300px\" \/>\t\t\t\t\t\t\t\t<\/a>\n\t\t\t\t\t\t\t\t\t\t\t<figcaption class=\"widget-image-caption wp-caption-text\">Ravalement de fa\u00e7ade et peinture ext\u00e9rieure<\/figcaption>\n\t\t\t\t\t\t\t\t\t\t<\/figure>\n\t\t\t\t\t\t\t\t\t<\/div>\n\t\t\t\t<\/div>\n\t\t\t\t\t<\/div>\n\t\t<\/div>\n\t\t\t\t<div class=\"elementor-column elementor-col-33 elementor-inner-column elementor-element elementor-element-7d152c5\" data-id=\"7d152c5\" data-element_type=\"column\">\n\t\t\t<div class=\"elementor-widget-wrap elementor-element-populated\">\n\t\t\t\t\t\t\t\t<div class=\"elementor-element elementor-element-ac7900a elementor-widget elementor-widget-image\" data-id=\"ac7900a\" data-element_type=\"widget\" data-widget_type=\"image.default\">\n\t\t\t\t<div class=\"elementor-widget-container\">\n\t\t\t\t\t\t\t\t\t\t\t\t<figure class=\"wp-caption\">\n\t\t\t\t\t\t\t\t\t\t\t<a href=\"http:\/\/facade-des-collines.fr\/index.php\/isolation-par-lexterieur\/\">\n\t\t\t\t\t\t\t<img decoding=\"async\" width=\"300\" height=\"146\" src=\"https:\/\/facade-des-collines.fr\/wp-content\/uploads\/2019\/02\/Isolation01_IMG_0731-300x146.jpg\" class=\"elementor-animation-grow attachment-medium size-medium wp-image-339\" alt=\"\" srcset=\"https:\/\/facade-des-collines.fr\/wp-content\/uploads\/2019\/02\/Isolation01_IMG_0731-300x146.jpg 300w, https:\/\/facade-des-collines.fr\/wp-content\/uploads\/2019\/02\/Isolation01_IMG_0731-768x374.jpg 768w, https:\/\/facade-des-collines.fr\/wp-content\/uploads\/2019\/02\/Isolation01_IMG_0731.jpg 1024w\" sizes=\"(max-width: 300px) 85vw, 300px\" \/>\t\t\t\t\t\t\t\t<\/a>\n\t\t\t\t\t\t\t\t\t\t\t<figcaption class=\"widget-image-caption wp-caption-text\">Isolation par l'ext\u00e9rieur<\/figcaption>\n\t\t\t\t\t\t\t\t\t\t<\/figure>\n\t\t\t\t\t\t\t\t\t<\/div>\n\t\t\t\t<\/div>\n\t\t\t\t\t<\/div>\n\t\t<\/div>\n\t\t\t\t\t\t\t<\/div>\n\t\t<\/section>\n\t\t\t\t<div class=\"elementor-element elementor-element-75f046f elementor-widget-divider--view-line elementor-widget elementor-widget-divider\" data-id=\"75f046f\" data-element_type=\"widget\" data-widget_type=\"divider.default\">\n\t\t\t\t<div class=\"elementor-widget-container\">\n\t\t\t\t\t<div class=\"elementor-divider\">\n\t\t\t<span class=\"elementor-divider-separator\">\n\t\t\t\t\t\t<\/span>\n\t\t<\/div>\n\t\t\t\t<\/div>\n\t\t\t\t<\/div>\n\t\t\t\t\t<\/div>\n\t\t<\/div>\n\t\t\t\t\t\t\t<\/div>\n\t\t<\/section>\n\t\t\t\t<section class=\"elementor-section elementor-top-section elementor-element elementor-element-7166915 elementor-section-boxed elementor-section-height-default elementor-section-height-default\" data-id=\"7166915\" data-element_type=\"section\">\n\t\t\t\t\t\t<div class=\"elementor-container elementor-column-gap-default\">\n\t\t\t\t\t<div class=\"elementor-column elementor-col-50 elementor-top-column elementor-element elementor-element-1ac62bc\" data-id=\"1ac62bc\" data-element_type=\"column\">\n\t\t\t<div class=\"elementor-widget-wrap elementor-element-populated\">\n\t\t\t\t\t\t\t\t<div class=\"elementor-element elementor-element-797381a elementor-widget elementor-widget-image\" data-id=\"797381a\" data-element_type=\"widget\" data-widget_type=\"image.default\">\n\t\t\t\t<div class=\"elementor-widget-container\">\n\t\t\t\t\t\t\t\t\t\t\t\t\t\t\t\t<a href=\"http:\/\/facade-des-collines.fr\/index.php\/qualification-rge\/\">\n\t\t\t\t\t\t\t<img loading=\"lazy\" decoding=\"async\" width=\"135\" height=\"200\" src=\"https:\/\/facade-des-collines.fr\/wp-content\/uploads\/2018\/06\/Qualibat_135.png\" class=\"elementor-animation-grow attachment-large size-large wp-image-48\" alt=\"\" \/>\t\t\t\t\t\t\t\t<\/a>\n\t\t\t\t\t\t\t\t\t\t\t\t\t\t\t<\/div>\n\t\t\t\t<\/div>\n\t\t\t\t\t<\/div>\n\t\t<\/div>\n\t\t\t\t<div class=\"elementor-column elementor-col-50 elementor-top-column elementor-element elementor-element-3bae08b\" data-id=\"3bae08b\" data-element_type=\"column\">\n\t\t\t<div class=\"elementor-widget-wrap elementor-element-populated\">\n\t\t\t\t\t\t\t\t<div class=\"elementor-element elementor-element-8bc6ef7 elementor-widget elementor-widget-text-editor\" data-id=\"8bc6ef7\" data-element_type=\"widget\" data-widget_type=\"text-editor.default\">\n\t\t\t\t<div class=\"elementor-widget-container\">\n\t\t\t\t\t\t\t<p style=\"text-align: center;\">Qualifi\u00e9 Qualibat RGE, profitez d&rsquo;un cr\u00e9dit d&rsquo;imp\u00f4t de 30% sur l&rsquo;isolation par l&rsquo;ext\u00e9rieur.<\/p><p style=\"text-align: center;\"><a href=\"http:\/\/facade-des-collines.fr\/index.php\/qualification-rge\/\">Plus d&rsquo;informations ici&#8230;<\/a><\/p>\t\t\t\t\t\t<\/div>\n\t\t\t\t<\/div>\n\t\t\t\t\t<\/div>\n\t\t<\/div>\n\t\t\t\t\t\t\t<\/div>\n\t\t<\/section>\n\t\t\t\t\t\t\t<\/div>\n\t\t","protected":false},"excerpt":{"rendered":"<p>Votre maison, on la voit comme vous ! Fa\u00e7ade des Collines s\u2019occupe de la fa\u00e7ade de vos b\u00e2timents depuis 2004. Plus de 10 ans d\u2019exp\u00e9rience et un taux de satisfaction unanime sont \u00e0 votre service. Notre expertise nous permet d\u2019agir sur tous les plans, que ce soit pour la\u00a0cr\u00e9ation de fa\u00e7ade pour une habitation neuve, &hellip; <a href=\"https:\/\/facade-des-collines.fr\/\" class=\"more-link\">Continuer la lecture<span class=\"screen-reader-text\"> de &laquo;&nbsp;Accueil&nbsp;&raquo;<\/span><\/a><\/p>\n","protected":false},"author":1,"featured_media":0,"parent":0,"menu_order":0,"comment_status":"closed","ping_status":"closed","template":"","meta":{"footnotes":""},"yoast_head":"<!-- This site is optimized with the Yoast SEO plugin v24.5 - https:\/\/yoast.com\/wordpress\/plugins\/seo\/ -->\n<title>Fa\u00e7ade des collines<\/title>\n<meta name=\"description\" content=\"Ravalement de fa\u00e7ade \u2013 Isolation par l&#039;ext\u00e9rieur \u2013 Peinture ext\u00e9rieure sur Romans sur Is\u00e8re\" \/>\n<meta name=\"robots\" content=\"index, follow, max-snippet:-1, max-image-preview:large, max-video-preview:-1\" \/>\n<link rel=\"canonical\" href=\"https:\/\/facade-des-collines.fr\/\" \/>\n<meta property=\"og:locale\" content=\"fr_FR\" \/>\n<meta property=\"og:type\" content=\"article\" \/>\n<meta property=\"og:title\" content=\"Fa\u00e7ade des collines\" \/>\n<meta property=\"og:description\" content=\"Ravalement de fa\u00e7ade \u2013 Isolation par l&#039;ext\u00e9rieur \u2013 Peinture ext\u00e9rieure sur Romans sur Is\u00e8re\" \/>\n<meta property=\"og:url\" content=\"https:\/\/facade-des-collines.fr\/\" \/>\n<meta property=\"article:modified_time\" content=\"2019-02-07T21:39:12+00:00\" \/>\n<meta property=\"og:image\" content=\"http:\/\/facade-des-collines.fr\/wp-content\/uploads\/2018\/09\/Ravalement10_20180616_123627-768x374.jpg\" \/>\n<meta name=\"twitter:card\" content=\"summary_large_image\" \/>\n<meta name=\"twitter:label1\" content=\"Dur\u00e9e de lecture estim\u00e9e\" \/>\n\t<meta name=\"twitter:data1\" content=\"1 minute\" \/>\n<script type=\"application\/ld+json\" class=\"yoast-schema-graph\">{\"@context\":\"https:\/\/schema.org\",\"@graph\":[{\"@type\":\"WebPage\",\"@id\":\"https:\/\/facade-des-collines.fr\/\",\"url\":\"https:\/\/facade-des-collines.fr\/\",\"name\":\"Fa\u00e7ade des collines\",\"isPartOf\":{\"@id\":\"https:\/\/facade-des-collines.fr\/#website\"},\"primaryImageOfPage\":{\"@id\":\"https:\/\/facade-des-collines.fr\/#primaryimage\"},\"image\":{\"@id\":\"https:\/\/facade-des-collines.fr\/#primaryimage\"},\"thumbnailUrl\":\"http:\/\/facade-des-collines.fr\/wp-content\/uploads\/2018\/09\/Ravalement10_20180616_123627-768x374.jpg\",\"datePublished\":\"2018-06-12T21:39:29+00:00\",\"dateModified\":\"2019-02-07T21:39:12+00:00\",\"description\":\"Ravalement de fa\u00e7ade \u2013 Isolation par l'ext\u00e9rieur \u2013 Peinture ext\u00e9rieure sur Romans sur Is\u00e8re\",\"breadcrumb\":{\"@id\":\"https:\/\/facade-des-collines.fr\/#breadcrumb\"},\"inLanguage\":\"fr-FR\",\"potentialAction\":[{\"@type\":\"ReadAction\",\"target\":[\"https:\/\/facade-des-collines.fr\/\"]}]},{\"@type\":\"ImageObject\",\"inLanguage\":\"fr-FR\",\"@id\":\"https:\/\/facade-des-collines.fr\/#primaryimage\",\"url\":\"http:\/\/facade-des-collines.fr\/wp-content\/uploads\/2018\/09\/Ravalement10_20180616_123627-768x374.jpg\",\"contentUrl\":\"http:\/\/facade-des-collines.fr\/wp-content\/uploads\/2018\/09\/Ravalement10_20180616_123627-768x374.jpg\"},{\"@type\":\"BreadcrumbList\",\"@id\":\"https:\/\/facade-des-collines.fr\/#breadcrumb\",\"itemListElement\":[{\"@type\":\"ListItem\",\"position\":1,\"name\":\"Accueil\",\"item\":\"https:\/\/facade-des-collines.fr\/\"},{\"@type\":\"ListItem\",\"position\":2,\"name\":\"Accueil\"}]},{\"@type\":\"WebSite\",\"@id\":\"https:\/\/facade-des-collines.fr\/#website\",\"url\":\"https:\/\/facade-des-collines.fr\/\",\"name\":\"\",\"description\":\"Ravalement de fa\u00e7ade - Isolation par l&#039;ext\u00e9rieur - Peinture ext\u00e9rieure\",\"potentialAction\":[{\"@type\":\"SearchAction\",\"target\":{\"@type\":\"EntryPoint\",\"urlTemplate\":\"https:\/\/facade-des-collines.fr\/?s={search_term_string}\"},\"query-input\":{\"@type\":\"PropertyValueSpecification\",\"valueRequired\":true,\"valueName\":\"search_term_string\"}}],\"inLanguage\":\"fr-FR\"}]}<\/script>\n<!-- \/ Yoast SEO plugin. -->","yoast_head_json":{"title":"Fa\u00e7ade des collines","description":"Ravalement de fa\u00e7ade \u2013 Isolation par l'ext\u00e9rieur \u2013 Peinture ext\u00e9rieure sur Romans sur Is\u00e8re","robots":{"index":"index","follow":"follow","max-snippet":"max-snippet:-1","max-image-preview":"max-image-preview:large","max-video-preview":"max-video-preview:-1"},"canonical":"https:\/\/facade-des-collines.fr\/","og_locale":"fr_FR","og_type":"article","og_title":"Fa\u00e7ade des collines","og_description":"Ravalement de fa\u00e7ade \u2013 Isolation par l'ext\u00e9rieur \u2013 Peinture ext\u00e9rieure sur Romans sur Is\u00e8re","og_url":"https:\/\/facade-des-collines.fr\/","article_modified_time":"2019-02-07T21:39:12+00:00","og_image":[{"url":"http:\/\/facade-des-collines.fr\/wp-content\/uploads\/2018\/09\/Ravalement10_20180616_123627-768x374.jpg","type":"","width":"","height":""}],"twitter_card":"summary_large_image","twitter_misc":{"Dur\u00e9e de lecture estim\u00e9e":"1 minute"},"schema":{"@context":"https:\/\/schema.org","@graph":[{"@type":"WebPage","@id":"https:\/\/facade-des-collines.fr\/","url":"https:\/\/facade-des-collines.fr\/","name":"Fa\u00e7ade des collines","isPartOf":{"@id":"https:\/\/facade-des-collines.fr\/#website"},"primaryImageOfPage":{"@id":"https:\/\/facade-des-collines.fr\/#primaryimage"},"image":{"@id":"https:\/\/facade-des-collines.fr\/#primaryimage"},"thumbnailUrl":"http:\/\/facade-des-collines.fr\/wp-content\/uploads\/2018\/09\/Ravalement10_20180616_123627-768x374.jpg","datePublished":"2018-06-12T21:39:29+00:00","dateModified":"2019-02-07T21:39:12+00:00","description":"Ravalement de fa\u00e7ade \u2013 Isolation par l'ext\u00e9rieur \u2013 Peinture ext\u00e9rieure sur Romans sur Is\u00e8re","breadcrumb":{"@id":"https:\/\/facade-des-collines.fr\/#breadcrumb"},"inLanguage":"fr-FR","potentialAction":[{"@type":"ReadAction","target":["https:\/\/facade-des-collines.fr\/"]}]},{"@type":"ImageObject","inLanguage":"fr-FR","@id":"https:\/\/facade-des-collines.fr\/#primaryimage","url":"http:\/\/facade-des-collines.fr\/wp-content\/uploads\/2018\/09\/Ravalement10_20180616_123627-768x374.jpg","contentUrl":"http:\/\/facade-des-collines.fr\/wp-content\/uploads\/2018\/09\/Ravalement10_20180616_123627-768x374.jpg"},{"@type":"BreadcrumbList","@id":"https:\/\/facade-des-collines.fr\/#breadcrumb","itemListElement":[{"@type":"ListItem","position":1,"name":"Accueil","item":"https:\/\/facade-des-collines.fr\/"},{"@type":"ListItem","position":2,"name":"Accueil"}]},{"@type":"WebSite","@id":"https:\/\/facade-des-collines.fr\/#website","url":"https:\/\/facade-des-collines.fr\/","name":"","description":"Ravalement de fa\u00e7ade - Isolation par l&#039;ext\u00e9rieur - Peinture ext\u00e9rieure","potentialAction":[{"@type":"SearchAction","target":{"@type":"EntryPoint","urlTemplate":"https:\/\/facade-des-collines.fr\/?s={search_term_string}"},"query-input":{"@type":"PropertyValueSpecification","valueRequired":true,"valueName":"search_term_string"}}],"inLanguage":"fr-FR"}]}},"_links":{"self":[{"href":"https:\/\/facade-des-collines.fr\/index.php\/wp-json\/wp\/v2\/pages\/7"}],"collection":[{"href":"https:\/\/facade-des-collines.fr\/index.php\/wp-json\/wp\/v2\/pages"}],"about":[{"href":"https:\/\/facade-des-collines.fr\/index.php\/wp-json\/wp\/v2\/types\/page"}],"author":[{"embeddable":true,"href":"https:\/\/facade-des-collines.fr\/index.php\/wp-json\/wp\/v2\/users\/1"}],"replies":[{"embeddable":true,"href":"https:\/\/facade-des-collines.fr\/index.php\/wp-json\/wp\/v2\/comments?post=7"}],"version-history":[{"count":71,"href":"https:\/\/facade-des-collines.fr\/index.php\/wp-json\/wp\/v2\/pages\/7\/revisions"}],"predecessor-version":[{"id":521,"href":"https:\/\/facade-des-collines.fr\/index.php\/wp-json\/wp\/v2\/pages\/7\/revisions\/521"}],"wp:attachment":[{"href":"https:\/\/facade-des-collines.fr\/index.php\/wp-json\/wp\/v2\/media?parent=7"}],"curies":[{"name":"wp","href":"https:\/\/api.w.org\/{rel}","templated":true}]}}